True
Let b(l) = 154*l**3 + 2*l**2 - 5*l + 4. Is b(1) a prime number?
False
Let f be 6/(-10) + (-37)/5. Let w = 3 + f. Let v = 10 - w. Is v prime?
False
Let j = 13 + -8. Is (-2)/j - 114/(-10) a composite number?
False
Let x(d) = -14*d**3 + d**2 + 5*d + 3. Let u be x(-4). Suppose -5*h + 10*h - u = 0. Is h composite?
False
Let c = -198 + 777. Is c a composite number?
True
Suppose 2*x - 8 = 0, -o - 4*x + 13 = -7. Suppose -16 = -o*w - 0. Suppose 3*t - 197 = w*h - 2*h, -67 = -t + 2*h. Is t composite?
True
Let v = 8 + -6. Suppose -4*t - 4*z + 40 = 0, -5*t - z + 58 = v*z. Is t a prime number?
False
Let f be -3*(-1)/(-1) + -54. Let b = 154 - f. Is b a composite number?
False
Suppose 381 = q + 2*q + 4*v, -q + 127 = -5*v. Let f be 2/4*(0 + 0). Suppose f = 4*w - 85 - q. Is w a composite number?
False
Let o(w) = -w + 13. Let i be o(8). Suppose -4*y + 5*c = -25, 0*y - y + 7 = -2*c. Suppose i*f + y*u = 2*u + 638, -640 = -5*f - 5*u. Is f composite?
False
Let t(i) = 4*i**2 + i**3 + 5 + i**2 - 2*i**3. Let s be t(5). Suppose 3*c = 0, -2*g - 12 + 42 = s*c. Is g prime?
False
Let a be 0 - (0/(-3) + -2). Let p be 3/(-6)*-2 - a. Is -1 + p - (0 + -25) a composite number?
False
Let t be -1 - (14 + 1)/3. Let i(v) = -7*v**2 - 3*v - 3 - v**3 - 3*v + 9. Is i(t) a prime number?
False
Suppose 0 = -5*s + 16 + 2799. Is s a composite number?
False
Suppose 3*g - 9*g = -3846. Is g a composite number?
False
Suppose -3*o - 3*y + 6 = 0, o = 3*y - 1 - 1. Suppose -m = 0, h - 33 = m + o. Let x = h + -19. Is x a prime number?
False
Suppose 3*c = 19 + 23. Let v = c + -28. Is (0 - v)*10/4 composite?
True
Let z(t) = 5 - 2 + t - 5. Let n be z(6). Suppose 0*a - 28 = -n*a. Is a a composite number?
False
Let o(v) = v**3 - 15*v**2 + 12*v + 27. Is o(23) prime?
False
Let n(d) be the second derivative of -69*d**5/4 - d**4/12 - d**3/3 - d**2/2 + d. Let q be n(-1). Let v = -230 + q. Is v a composite number?
True
Let s be 15/10 + 2/4. Suppose 3*m - s*m - 50 = 0. Is 5/2*m/5 a prime number?
False
Suppose -2*w + 44 = -0*w + i, 0 = -w + i + 19. Let o = w - -16. Is o a prime number?
True
Let i(n) = -n**3 + 12*n**2 - 6*n + 3. Is i(8) a composite number?
False
Suppose 0*s + 2*s - 2*i = 8, 4*s - i = 19. Let o = s - -14. Is o prime?
True
Suppose 0 = -5*v - 4 + 19. Suppose -v*c = -6*c + 78. Is c a prime number?
False
Suppose -3*v - v = -44. Is v composite?
False
Let b(d) = -d - 1. Let r(f) = 18*f + 1. Let c(n) = 2*b(n) + r(n). Is c(3) a composite number?
False
Suppose 670 = t - 769. Is t a composite number?
False
Suppose -2 = -2*o - 0, 2*v + 2*o = 2824. Is v a composite number?
True
Let c = 2015 + -1320. Is c a prime number?
False
Suppose 4*b - 2125 = -3*r + 8*r, b - 535 = 5*r. Suppose -45 - b = -5*o. Is o composite?
True
Let j(b) = -b**3 + b**2 + 2*b + 1. Let z be j(-1). Is (z/(-4))/(1/(-172)) a composite number?
False
Let d = 51 + 64. Suppose -2*j - d = -3*a, -29 + 4 = 5*j. Is a composite?
True
Let m = 118 - 43. Let o = m + 45. Suppose -15 = 3*v - o. Is v composite?
True
Let q be (8/(-12))/(1/3). Let v be q*1*4/(-8). Is v/(-2) + (-855)/(-18) a prime number?
True
Let r(d) = 3*d**2 - 2*d. Suppose 0 = 2*t + t - 27. Let f = -4 + t. Is r(f) composite?
True
Suppose 779 = s + 2*u - 339, -s = 3*u - 1118. Suppose -5*l - c + s = -2*c, 2*c = -2*l + 440. Is l composite?
False
Let a(g) = 14*g + 6*g**2 - 2*g**2 - 2*g**2 - 20*g + 1. Is a(6) prime?
True
Let m = 13 + -9. Let l(k) = 8 - 4*k - 5 + m. Is l(-6) composite?
False
Is ((-2)/(-6) + 0)*633 prime?
True
Let z be 77 - (3 - (-3 + 3)). Suppose -2*h = -0*h - z. Is h a prime number?
True
Let q = -1673 - -4630. Is q a composite number?
False
Let f = 4 + -2. Suppose -4*m - 2*t + t = -9, 2*m + f*t - 6 = 0. Suppose -m - 4 = -l. Is l a prime number?
False
Let c(x) = 164*x**2 - 1. Is c(-1) a prime number?
True
Let z(w) = -w**3 + 7 + w**2 + 8*w**2 - 5*w**2 + 7*w**2 - 6*w. Is z(5) composite?
False
Suppose -2*v + 10 + 0 = 0. Suppose -3*z + v*u = -397 + 106, 97 = z - u. Is z a composite number?
False
Suppose -5*y + 4*y = -1087. Is y a composite number?
False
Let p(u) = 4*u + 1. Suppose 2*v + 3*v + 10 = 0. Let m be p(v). Is (-12)/m + (-2)/(-7) a prime number?
True
Suppose -3385 = -5*t - 0*t. Suppose 0 = 4*m + 25 - t. Is m prime?
True
Let j = 899 - 640. Is j a composite number?
True
Suppose 0 = -3*h - 9 - 3. Let t be (-1 - 0)/(1/h). Suppose t*c - 242 - 106 = 0. Is c a prime number?
False
Suppose 35*v + 1657 = 36*v. Is v composite?
False
Suppose -2 = 3*u - 5. Is ((-1356)/8 + u)*-2 composite?
False
Let b = 22 - 19. Suppose -4*x = y - 0*x - 6, -b*x = -y + 13. Is y a prime number?
False
Let g be (8/(-20))/((-1)/25). Suppose 0*a + 2*a - g = 0. Suppose a*k - 103 = 172. Is k a prime number?
False
Let l = 1777 + -1256. Is l a composite number?
False
Let w = -2680 + 6089. Is w prime?
False
Let x = 100 - -307. Is x composite?
True
Let q = 8 - 4. Suppose n = q*n - 39. Is n composite?
False
Let p be (-2)/(-7) - (-2)/(-7). Suppose -34 = d - p*d. Is 1 - (0 + d/1) prime?
False
Suppose -6*m + 6 = -3*m. Let a = m + 33. Is a a composite number?
True
Let q(w) be the third derivative of w**6/120 + 3*w**5/20 + w**4/12 + w**3/6 - w**2. Is q(-6) a prime number?
True
Let g(k) = -14*k**3 - 6*k**2 - k - 1. Is g(-4) a composite number?
True
Let x = 107 + -28. Is x a composite number?
False
Suppose 0 = 3*n + 2*i - 110, 0 = -5*n + 2*i - i + 192. Is n a prime number?
False
Let w = 991 - 518. Is w prime?
False
Let s(w) = 2*w**2 + 5*w - 5. Suppose -3 - 12 = 3*v. Let d be s(v). Suppose -4*g + 2 = -18, 3*o = 5*g + d. Is o prime?
False
Let n(v) = 41*v**2 + v + 11. Is n(-6) a prime number?
True
Is (23570/(-25))/(4/(-10)) composite?
False
Let f = -57 + 108. Is f a composite number?
True
Let h(a) = -65*a + 3. Suppose 0 = -z - 2 - 2. Is h(z) composite?
False
Let p be (-3)/(3 - 6)*5. Let i(c) = 2*c**3 - 3*c**2 - 6*c. Is i(p) composite?
True
Suppose -5*q + 1725 = -665. Is q prime?
False
Let c = 15 - -326. Is c a composite number?
True
Let l(g) = -5 + 14*g**2 - 4 - 3*g + 3. Is l(5) composite?
True
Suppose 4*d + 0*d = 3*a + 8, 5*d - 10 = -3*a. Let n = 24 - 22. Suppose 81 = j - n*v, d*v = -2*v + 12. Is j prime?
False
Let k = -135 + 254. Is k a composite number?
True
Let b(l) = 6*l**3 - 2*l**2 - 4*l + 3. Let x be b(3). Let y = x + 28. Is y prime?
True
Is 68 - ((-2)/1)/(-2) a prime number?
True
Is (-6)/4*(-9210)/45 prime?
True
Suppose 3*v - 789 = 4*w, v + w - 1071 = -3*v. Suppose -3*t = 36 - v. Is t prime?
False
Let m(r) = 16*r - 6. Let v be (2 + -20)/(-3) - 0. Let c be m(v). Suppose 5*a - 25 = c. Is a prime?
True
Let a = 852 + -473. Is a composite?
False
Suppose -2*p - 5*o + 2052 = 0, -4*p + 2*o + 4343 = 287. Suppose 0*l = 4*l + p. Let h = 373 + l. Is h a prime number?
False
Suppose 5*u - 407 = -l, -1504 = -3*l + 5*u - 183. Suppose -l = 4*k - k. Is 3/(9/(-3)) - k a prime number?
False
Suppose -a + 5*g = 13, -a + 8 = -0*a + 2*g. Suppose 4*v - 9 = 3*t, a*v + 2*t + 6 = -0*v. Suppose -m + 5 + 110 = v. Is m prime?
False
Let s(t) = t**3 - t**2 + t + 5. Let w be s(0). Let y = -6 + 10. Suppose 3*b = -o + 36, -110 = -w*o + y*b - 5*b. Is o composite?
True
Is 1*-1 - 1785/(-7) a composite number?
True
Suppose 4*s - 8 = -0*s. Suppose s*x = 17 + 77. Is x a prime number?
True
Is 2/(-4) + -4*7894/(-16) prime?
True
Let a = 15 + 5. Suppose 2*m - 10 = f, 4*f = f + 4*m - a. Is f + 1 + 1 - -63 prime?
False
Let p = 2 - -2. Suppose m + 1 = -d - 0, 5*d = -p*m. Suppose -d*y - 22 = -170. Is y a prime number?
True
Let j(b) = 28*b**2 - 3*b + 4. Is j(-3) a prime number?
False
Suppose 4*c + 60 = 328. Let t = c - 12. Is t a prime number?
False
Let u be 6/(-8) - 6/(-8). Let l be 2*-1 + (5 - -2). Suppose 5*q = -l*k + 56 + 54, k - 5*q - 4 = u. Is k a composite number?
False
Suppose 0 = 4*n + 8, -3*b - n - 42 = 2*n. Let m be (-57)/b + 2/8. Suppose -m*r + 104 = 9. Is r a composite number?
False
Let x(s) = s**2 - 2*s + 5. Is x(-8) prime?
False
Is -3 + 2 + 741 + -3 composite?
True
Let h(z) = 6*z**2 - 2*z - 2. Let i be h(2). Let d be (-2*87/(-6))/1. Let n = i + d. Is n prime?
True
Let r = -7 - -12. Let i(c) = 5 - 1 + 54*c - r - 16*c. Is i(1) a composite number?
False
Suppose -2*m - m + 657 = s, 5*m = s - 681. Is s/4*(-6)/(-9) prime?
False
Let f be -8*-1*1/2. Suppose f*w = 110 + 150. Is w a prime number?
False
Let p = 0 + 0. Suppose 3*i + 3*j + 21 = p, -4*i - 5*j =